{"id":87,"date":"2025-09-15T13:46:59","date_gmt":"2025-09-15T13:46:59","guid":{"rendered":"https:\/\/reszecskeszamlalo.hu\/higienia\/?post_type=product&#038;p=87"},"modified":"2026-02-27T15:25:41","modified_gmt":"2026-02-27T15:25:41","slug":"z61-szuper-olajfelszivo-torlokendo","status":"publish","type":"product","link":"https:\/\/reszecskeszamlalo.hu\/higienia\/termek\/z61-szuper-olajfelszivo-torlokendo\/","title":{"rendered":"T-Z61 Szuper olajfelsz\u00edv\u00f3 t\u00f6rl\u0151kend\u0151"},"content":{"rendered":"<p>Specifik\u00e1ci\u00f3k:<\/p>\n<p>Alaps\u00faly: 70 g\/m\u00b2;<br \/>\nM\u00e9retek: 9&#215;9&#8221;; 12&#215;12&#8221;;<br \/>\nCsomagol\u00e1s: 9*9&#8221;, 150 db\/zs\u00e1k, 9 zs\u00e1k\/karton;<br \/>\n12*12&#8221;, 150 db\/zs\u00e1k, 6 zs\u00e1k\/karton;<br \/>\n9*9&#8221;, 150 db\/doboz, 6 doboz\/karton;<br \/>\n12*12&#8221;, 150 db\/doboz, 4 doboz\/karton.<br \/>\nEgy\u00e9b m\u00e9retek \u00e9s csomagol\u00e1sok k\u00fcl\u00f6n k\u00e9r\u00e9sre el\u00e9rhet\u0151k.<\/p>\n<p>Jellemz\u0151k:<\/p>\n<p>Dobozos vagy zacsk\u00f3s csomagol\u00e1s, k\u00f6nnyen haszn\u00e1lhat\u00f3; 100% polipropil\u00e9n sz\u00e1l; Saj\u00e1t s\u00faly\u00e1nak nyolcszoros\u00e1t felsz\u00edvja az olajat, j\u00f3 nedvsz\u00edv\u00f3 k\u00e9pess\u00e9g; Magas k\u00e9miai korr\u00f3zi\u00f3\u00e1ll\u00f3s\u00e1g; Gyorsan \u00e9s alaposan tiszt\u00edtja a t\u00e1rgyak fel\u00fclet\u00e9t; Szuper rugalmas sz\u00e1l, tart\u00f3s \u00e9s soha nem karcolja meg a term\u00e9k fel\u00fclet\u00e9t; Moshat\u00f3 \u00e9s \u00fajrafelhaszn\u00e1lhat\u00f3; K\u00fcl\u00f6n\u00f6sen alkalmas olyan fel\u00fcletekre, amelyek nem haszn\u00e1lhat\u00f3k k\u00e9miai tiszt\u00edt\u00f3szerekkel; Magas k\u00f6lts\u00e9ghat\u00e9konys\u00e1g. Ellen\u0151rz\u00f6tt helyis\u00e9gben v\u00e1gva \u00e9s csomagolva; Statisztikai min\u0151s\u00e9gellen\u0151rz\u00e9s.<\/p>\n","protected":false},"excerpt":{"rendered":"<p>A szuper olajat nedvsz\u00edv\u00f3 t\u00f6rl\u0151kend\u0151k 100% polipropil\u00e9nb\u0151l k\u00e9sz\u00fclt, olvadt f\u00fav\u00e1ssal k\u00e9sz\u00fclt, nem sz\u0151tt kend\u0151.<\/p>\n<p>Alkalmaz\u00e1sok:<\/p>\n<p>Neh\u00e9zolaj gy\u00e1rt\u00e1si k\u00f6rnyezet\u00e9nek tiszt\u00edt\u00e1s\u00e1ra; Szersz\u00e1mg\u00e9pek \u00e9s nagym\u00e9ret\u0171 berendez\u00e9sek karbantart\u00e1s\u00e1ra; Mindenf\u00e9le nyomdafest\u00e9k tiszt\u00edt\u00e1s\u00e1ra sziv\u00e1rg\u00e1s eset\u00e9n; Tiszt\u00edt\u00e1si felhaszn\u00e1l\u00e1sra aut\u00f3gy\u00e1rt\u00e1sban, nyomd\u00e1szatban, g\u00e9pgy\u00e1rt\u00e1sban, mechanikai karbantart\u00e1sban, f\u00e9m\u00f6sszeszerel\u0151 ipar\u00e1gakban.<\/p>\n","protected":false},"featured_media":88,"comment_status":"open","ping_status":"closed","template":"","meta":[],"product_brand":[],"product_cat":[17],"product_tag":[],"class_list":{"0":"post-87","1":"product","2":"type-product","3":"status-publish","4":"has-post-thumbnail","6":"product_cat-tisztateri-nemszott-torlokendok","7":"has-post-title","8":"has-post-date","9":"has-post-category","10":"has-post-tag","11":"has-post-comment","12":"has-post-author","13":"","15":"first","16":"instock","17":"taxable","18":"shipping-taxable","19":"purchasable","20":"product-type-simple"},"_links":{"self":[{"href":"https:\/\/reszecskeszamlalo.hu\/higienia\/wp-json\/wp\/v2\/product\/87","targetHints":{"allow":["GET"]}}],"collection":[{"href":"https:\/\/reszecskeszamlalo.hu\/higienia\/wp-json\/wp\/v2\/product"}],"about":[{"href":"https:\/\/reszecskeszamlalo.hu\/higienia\/wp-json\/wp\/v2\/types\/product"}],"replies":[{"embeddable":true,"href":"https:\/\/reszecskeszamlalo.hu\/higienia\/wp-json\/wp\/v2\/comments?post=87"}],"wp:featuredmedia":[{"embeddable":true,"href":"https:\/\/reszecskeszamlalo.hu\/higienia\/wp-json\/wp\/v2\/media\/88"}],"wp:attachment":[{"href":"https:\/\/reszecskeszamlalo.hu\/higienia\/wp-json\/wp\/v2\/media?parent=87"}],"wp:term":[{"taxonomy":"product_brand","embeddable":true,"href":"https:\/\/reszecskeszamlalo.hu\/higienia\/wp-json\/wp\/v2\/product_brand?post=87"},{"taxonomy":"product_cat","embeddable":true,"href":"https:\/\/reszecskeszamlalo.hu\/higienia\/wp-json\/wp\/v2\/product_cat?post=87"},{"taxonomy":"product_tag","embeddable":true,"href":"https:\/\/reszecskeszamlalo.hu\/higienia\/wp-json\/wp\/v2\/product_tag?post=87"}],"curies":[{"name":"wp","href":"https:\/\/api.w.org\/{rel}","templated":true}]}}