{"id":463,"date":"2025-10-22T12:08:36","date_gmt":"2025-10-22T12:08:36","guid":{"rendered":"https:\/\/reszecskeszamlalo.hu\/higienia\/?post_type=product&#038;p=463"},"modified":"2026-02-27T15:19:46","modified_gmt":"2026-02-27T15:19:46","slug":"t-z21-szoszmentes-ipari-torlokendok","status":"publish","type":"product","link":"https:\/\/reszecskeszamlalo.hu\/higienia\/termek\/t-z21-szoszmentes-ipari-torlokendok\/","title":{"rendered":"T-Z21 Sz\u00f6szmentes ipari t\u00f6rl\u0151kend\u0151k"},"content":{"rendered":"<p>Specifik\u00e1ci\u00f3k:<\/p>\n<p>Alaps\u00faly: 37 g\/m\u00b2; M\u00e9retek: 250 mm \u00d7 250 mm; Csomagol\u00e1s: 100 db\/zs\u00e1k; Egy\u00e9b m\u00e9retek \u00e9s csomagol\u00e1sok k\u00fcl\u00f6n k\u00e9r\u00e9sre el\u00e9rhet\u0151k.<\/p>\n<p>Jellemz\u0151k:<\/p>\n<p>Viszk\u00f3z \u00e9s poli\u00e9szter sz\u00e1l; k\u00e9sv\u00e1g\u00e1ssal v\u00e1gott \u00e9l; Alacsony r\u00e9szecske-, rostkibocs\u00e1t\u00e1s \u00e9s kivonhat\u00f3 mennyis\u00e9g; Magas adszorpci\u00f3s kapacit\u00e1s, kiv\u00e1l\u00f3 ki\u00f6ml\u00e9sg\u00e1tl\u00f3 \u00e9s nedves t\u00f6rl\u00e9si funkci\u00f3hoz; Hat\u00e9konyan elt\u00e1vol\u00edtja a port. Gazdas\u00e1gos m\u00e9retv\u00e1laszt\u00e9k.<\/p>\n","protected":false},"excerpt":{"rendered":"<p>Az alacsony sz\u00f6sz\u00f6l\u0151d\u00e9s\u0171 ipari t\u00f6rl\u0151kend\u0151k viszk\u00f3z \u00e9s poli\u00e9szter sz\u00e1lakb\u00f3l k\u00e9sz\u00fclnek.<\/p>\n<p>Alkalmaz\u00e1sok:<\/p>\n<p>A r\u00e9szecskeszennyez\u00e9s tov\u00e1bbi cs\u00f6kkent\u00e9s\u00e9re ISO 6-7 oszt\u00e1ly\u00fa tisztat\u00e9rben; Alkalmas LCD \u00e9s m\u00e1s s\u00edk fel\u00fcletek tiszt\u00edt\u00e1s\u00e1ra<\/p>\n","protected":false},"featured_media":464,"comment_status":"open","ping_status":"closed","template":"","meta":[],"product_brand":[],"product_cat":[17],"product_tag":[],"class_list":{"0":"post-463","1":"product","2":"type-product","3":"status-publish","4":"has-post-thumbnail","6":"product_cat-tisztateri-nemszott-torlokendok","7":"has-post-title","8":"has-post-date","9":"has-post-category","10":"has-post-tag","11":"has-post-comment","12":"has-post-author","13":"","15":"first","16":"instock","17":"taxable","18":"shipping-taxable","19":"purchasable","20":"product-type-simple"},"_links":{"self":[{"href":"https:\/\/reszecskeszamlalo.hu\/higienia\/wp-json\/wp\/v2\/product\/463","targetHints":{"allow":["GET"]}}],"collection":[{"href":"https:\/\/reszecskeszamlalo.hu\/higienia\/wp-json\/wp\/v2\/product"}],"about":[{"href":"https:\/\/reszecskeszamlalo.hu\/higienia\/wp-json\/wp\/v2\/types\/product"}],"replies":[{"embeddable":true,"href":"https:\/\/reszecskeszamlalo.hu\/higienia\/wp-json\/wp\/v2\/comments?post=463"}],"wp:featuredmedia":[{"embeddable":true,"href":"https:\/\/reszecskeszamlalo.hu\/higienia\/wp-json\/wp\/v2\/media\/464"}],"wp:attachment":[{"href":"https:\/\/reszecskeszamlalo.hu\/higienia\/wp-json\/wp\/v2\/media?parent=463"}],"wp:term":[{"taxonomy":"product_brand","embeddable":true,"href":"https:\/\/reszecskeszamlalo.hu\/higienia\/wp-json\/wp\/v2\/product_brand?post=463"},{"taxonomy":"product_cat","embeddable":true,"href":"https:\/\/reszecskeszamlalo.hu\/higienia\/wp-json\/wp\/v2\/product_cat?post=463"},{"taxonomy":"product_tag","embeddable":true,"href":"https:\/\/reszecskeszamlalo.hu\/higienia\/wp-json\/wp\/v2\/product_tag?post=463"}],"curies":[{"name":"wp","href":"https:\/\/api.w.org\/{rel}","templated":true}]}}