{"id":314,"date":"2025-09-16T14:40:31","date_gmt":"2025-09-16T14:40:31","guid":{"rendered":"https:\/\/reszecskeszamlalo.hu\/higienia\/?post_type=product&#038;p=314"},"modified":"2025-09-22T12:52:48","modified_gmt":"2025-09-22T12:52:48","slug":"t-h2-eldobhato-vedoruhak-ce-tanusitvannyal","status":"publish","type":"product","link":"https:\/\/reszecskeszamlalo.hu\/higienia\/termek\/t-h2-eldobhato-vedoruhak-ce-tanusitvannyal\/","title":{"rendered":"T-H2 Eldobhat\u00f3 v\u00e9d\u0151ruh\u00e1k CE tan\u00fas\u00edtv\u00e1nnyal"},"content":{"rendered":"<p>Specifik\u00e1ci\u00f3k:<\/p>\n<p>Anyag: Mikropor\u00f3zus polietil\u00e9n f\u00f3lia \u00e9s polipropil\u00e9n fonott kompozit nem sz\u0151tt anyag kombin\u00e1ci\u00f3ja;<br \/>\nAnyag t\u00f6mege: 60 g\/m\u00b2;<br \/>\nM\u00e9retek: S, M, L, XL;<br \/>\nSz\u00ednek: Feh\u00e9r;<br \/>\nCsomagol\u00e1s: 1 db\/zs\u00e1k, 25 db\/karton;<br \/>\nCE tan\u00fas\u00edtv\u00e1nnyal rendelkezik.<br \/>\nEgy\u00e9b m\u00e9retek \u00e9s csomagol\u00e1sok k\u00fcl\u00f6n k\u00e9r\u00e9sre el\u00e9rhet\u0151k.<\/p>\n<p>Jellemz\u0151k:<\/p>\n<p>Nagy szil\u00e1rds\u00e1g\u00fa; tart\u00f3s; kop\u00e1s\u00e1ll\u00f3; k\u00e9nyelmes, puha, k\u00f6nny\u0171 \u00e9s l\u00e9legz\u0151; Nem tartalmaz k\u00f6t\u0151anyagot vagy hosszabb\u00edt\u00f3t; Ragasztott varr\u00e1sok a tov\u00e1bbi v\u00e9delem \u00e9rdek\u00e9ben; Nagyon j\u00f3 l\u00e9g\u00e1tereszt\u0151 k\u00e9pess\u00e9ggel \u00e9s v\u00edzg\u0151z-\u00e1tereszt\u0151 k\u00e9pess\u00e9ggel rendelkezik, de megakad\u00e1lyozhatja a v\u00edzb\u00e1zis\u00fa folyad\u00e9kok \u00e9s aeroszolok \u00e1tjut\u00e1s\u00e1t; A sima fel\u00fclet tasz\u00edtja a szervetlen folyad\u00e9kot, v\u00e9d a vegyi anyagok fr\u00f6ccsen\u00e9se ellen, \u00e9s megnehez\u00edti a szil\u00e1rd por tapad\u00e1s\u00e1t; Kiv\u00e1l\u00f3 v\u00e9delem a por \u00e9s bizonyos v\u00edzb\u00e1zis\u00fa vegyi anyagok aeroszoljai, folyad\u00e9kok fr\u00f6ccsen\u00e9se \u00e9s permetez\u00e9se ellen; \u00e9s er\u0151s v\u00e9delmet ny\u00fajt a folyad\u00e9kok \u00e9s cseppek bejut\u00e1sa ellen; Megfelel az izol\u00e1lt intenz\u00edv oszt\u00e1lyok k\u00f6vetelm\u00e9nyeinek, ahol a szigor\u00fa mikrobi\u00e1lis index ellen\u0151rz\u00e9s a legfontosabb; Gamma-besug\u00e1rz\u00e1ssal 10-6 sterilit\u00e1si szintre szab\u00e1lyozhat\u00f3.<\/p>\n","protected":false},"excerpt":{"rendered":"<p>A CE min\u0151s\u00edt\u00e9s\u0171 eldobhat\u00f3 v\u00e9d\u0151ruh\u00e1k mikropor\u00f3zus polietil\u00e9n f\u00f3li\u00e1b\u00f3l \u00e9s polipropil\u00e9n anyagb\u00f3l k\u00e9sz\u00fclnek, amelyek magas szint\u0171 folyad\u00e9k-, r\u00e9szecske- \u00e9s biol\u00f3giai v\u00e9delmet biztos\u00edtanak.<\/p>\n<p>Alkalmaz\u00e1sok:<\/p>\n<p>Ez a term\u00e9k alkalmas k\u00f3rh\u00e1zi haszn\u00e1latra az orvosi szem\u00e9lyzet sz\u00e1m\u00e1ra a potenci\u00e1lisan fert\u0151z\u0151 betegek v\u00e9re, testnedvei, v\u00e1lad\u00e9kai, leveg\u0151ben l\u00e9v\u0151 r\u00e9szecsk\u00e9k stb. elleni v\u00e9delemre.<\/p>\n","protected":false},"featured_media":320,"comment_status":"open","ping_status":"closed","template":"","meta":[],"product_brand":[],"product_cat":[26],"product_tag":[],"class_list":{"0":"post-314","1":"product","2":"type-product","3":"status-publish","4":"has-post-thumbnail","6":"product_cat-orvosbiologiai-fogyoeszkozok","7":"has-post-title","8":"has-post-date","9":"has-post-category","10":"has-post-tag","11":"has-post-comment","12":"has-post-author","13":"","15":"first","16":"instock","17":"taxable","18":"shipping-taxable","19":"purchasable","20":"product-type-simple"},"_links":{"self":[{"href":"https:\/\/reszecskeszamlalo.hu\/higienia\/wp-json\/wp\/v2\/product\/314","targetHints":{"allow":["GET"]}}],"collection":[{"href":"https:\/\/reszecskeszamlalo.hu\/higienia\/wp-json\/wp\/v2\/product"}],"about":[{"href":"https:\/\/reszecskeszamlalo.hu\/higienia\/wp-json\/wp\/v2\/types\/product"}],"replies":[{"embeddable":true,"href":"https:\/\/reszecskeszamlalo.hu\/higienia\/wp-json\/wp\/v2\/comments?post=314"}],"wp:featuredmedia":[{"embeddable":true,"href":"https:\/\/reszecskeszamlalo.hu\/higienia\/wp-json\/wp\/v2\/media\/320"}],"wp:attachment":[{"href":"https:\/\/reszecskeszamlalo.hu\/higienia\/wp-json\/wp\/v2\/media?parent=314"}],"wp:term":[{"taxonomy":"product_brand","embeddable":true,"href":"https:\/\/reszecskeszamlalo.hu\/higienia\/wp-json\/wp\/v2\/product_brand?post=314"},{"taxonomy":"product_cat","embeddable":true,"href":"https:\/\/reszecskeszamlalo.hu\/higienia\/wp-json\/wp\/v2\/product_cat?post=314"},{"taxonomy":"product_tag","embeddable":true,"href":"https:\/\/reszecskeszamlalo.hu\/higienia\/wp-json\/wp\/v2\/product_tag?post=314"}],"curies":[{"name":"wp","href":"https:\/\/api.w.org\/{rel}","templated":true}]}}