{"id":255,"date":"2025-09-16T14:12:06","date_gmt":"2025-09-16T14:12:06","guid":{"rendered":"https:\/\/reszecskeszamlalo.hu\/higienia\/?post_type=product&#038;p=255"},"modified":"2025-09-22T12:56:41","modified_gmt":"2025-09-22T12:56:41","slug":"t-t41-cleanroom-esd-gloves","status":"publish","type":"product","link":"https:\/\/reszecskeszamlalo.hu\/higienia\/termek\/t-t41-cleanroom-esd-gloves\/","title":{"rendered":"T-T41 Cleanroom ESD keszty\u0171k"},"content":{"rendered":"<p>Specifik\u00e1ci\u00f3k:<\/p>\n<p>Anyagok: Poli\u00e9szter antisztatikus sz\u00f6vet; Hossz: 9&#8221;; 12&#8221;; M\u00e9retek: S, M, L; Csomagol\u00e1s: 10 p\u00e1r\/zs\u00e1k; 100 zs\u00e1k\/karton; Fel\u00fcleti ellen\u00e1ll\u00e1s: 106 -109\u03a9.<br \/>\nEgy\u00e9b csomagol\u00e1sok k\u00fcl\u00f6n k\u00e9r\u00e9sre el\u00e9rhet\u0151k.<\/p>\n<p>Jellemz\u0151k:<\/p>\n<p>A keszty\u0171 h\u00e1tulja \u00e9s teny\u00e9rr\u00e9sze antisztatikus poli\u00e9szter anyagb\u00f3l k\u00e9sz\u00fclt; Ker\u00fclje a kezel\u0151 ujjainak k\u00f6zvetlen \u00e9rintkez\u00e9s\u00e9t a sztatikusan \u00e9rz\u00e9keny alkatr\u00e9szekkel, \u00e9s biztons\u00e1gosan vezesse le a kezel\u0151 szem\u00e9ly sztatikus t\u00f6lt\u00e9s\u00e9t; Puha, k\u00e9nyelmes, l\u00e9legz\u0151; Alacsony rost- \u00e9s r\u00e9szecskeszint\u0171, b\u0151rbar\u00e1t \u00e9s izzads\u00e1gelnyel\u0151.<\/p>\n","protected":false},"excerpt":{"rendered":"<p>A tisztat\u00e9ri ESD keszty\u0171k kiv\u00e1l\u00f3 min\u0151s\u00e9g\u0171 poli\u00e9szter anyagb\u00f3l \u00e9s vezet\u0151k\u00e9pes sz\u00e1lb\u00f3l k\u00e9sz\u00fclnek.<\/p>\n<p>Alkalmaz\u00e1sok:<\/p>\n<p>Mikroelektronikai, merevlemez-meghajt\u00f3, NY\u00c1K-szerel\u00e9s, f\u00e9lvezet\u0151, optika \u00e9s orvostechnikai eszk\u00f6z\u00f6k stb. ipar\u00e1gaiban val\u00f3 haszn\u00e1latra.<\/p>\n","protected":false},"featured_media":256,"comment_status":"open","ping_status":"closed","template":"","meta":[],"product_brand":[],"product_cat":[22],"product_tag":[],"class_list":{"0":"post-255","1":"product","2":"type-product","3":"status-publish","4":"has-post-thumbnail","6":"product_cat-tisztateri-kesztyu","7":"has-post-title","8":"has-post-date","9":"has-post-category","10":"has-post-tag","11":"has-post-comment","12":"has-post-author","13":"","15":"first","16":"instock","17":"taxable","18":"shipping-taxable","19":"purchasable","20":"product-type-simple"},"_links":{"self":[{"href":"https:\/\/reszecskeszamlalo.hu\/higienia\/wp-json\/wp\/v2\/product\/255","targetHints":{"allow":["GET"]}}],"collection":[{"href":"https:\/\/reszecskeszamlalo.hu\/higienia\/wp-json\/wp\/v2\/product"}],"about":[{"href":"https:\/\/reszecskeszamlalo.hu\/higienia\/wp-json\/wp\/v2\/types\/product"}],"replies":[{"embeddable":true,"href":"https:\/\/reszecskeszamlalo.hu\/higienia\/wp-json\/wp\/v2\/comments?post=255"}],"wp:featuredmedia":[{"embeddable":true,"href":"https:\/\/reszecskeszamlalo.hu\/higienia\/wp-json\/wp\/v2\/media\/256"}],"wp:attachment":[{"href":"https:\/\/reszecskeszamlalo.hu\/higienia\/wp-json\/wp\/v2\/media?parent=255"}],"wp:term":[{"taxonomy":"product_brand","embeddable":true,"href":"https:\/\/reszecskeszamlalo.hu\/higienia\/wp-json\/wp\/v2\/product_brand?post=255"},{"taxonomy":"product_cat","embeddable":true,"href":"https:\/\/reszecskeszamlalo.hu\/higienia\/wp-json\/wp\/v2\/product_cat?post=255"},{"taxonomy":"product_tag","embeddable":true,"href":"https:\/\/reszecskeszamlalo.hu\/higienia\/wp-json\/wp\/v2\/product_tag?post=255"}],"curies":[{"name":"wp","href":"https:\/\/api.w.org\/{rel}","templated":true}]}}