{"id":422,"date":"2025-10-09T13:08:40","date_gmt":"2025-10-09T13:08:40","guid":{"rendered":"https:\/\/reszecskeszamlalo.hu\/higienia\/?page_id=422"},"modified":"2025-11-05T19:20:42","modified_gmt":"2025-11-05T19:20:42","slug":"hero","status":"publish","type":"page","link":"https:\/\/reszecskeszamlalo.hu\/higienia\/","title":{"rendered":"Hero"},"content":{"rendered":"<!--themify_builder_content-->\n<div id=\"themify_builder_content-422\" data-postid=\"422\" class=\"themify_builder_content themify_builder_content-422 themify_builder tf_clear\">\n                    <div  data-css_id=\"0uvb768\" data-lazy=\"1\" class=\"module_row themify_builder_row fullwidth tb_0uvb768 tb_first tf_w\">\n            <span  class=\"builder_row_cover tf_abs\" data-lazy=\"1\"><\/span>            <div class=\"row_inner col_align_top tb_col_count_1 tf_box tf_rel\">\n                        <div  data-lazy=\"1\" class=\"module_column tb-column col-full tb_grns769 first\">\n                    <!-- module text -->\n<div  class=\"module module-text tb_ydeq919   \" data-lazy=\"1\">\n        <div  class=\"tb_text_wrap\">\n        <h1>Tisztat\u00e9ri ruh\u00e1zat, t\u00f6rl\u0151kend\u0151k \u00e9s kieg\u00e9sz\u00edt\u0151k<\/h1>    <\/div>\n<\/div>\n<!-- \/module text --><!-- module divider -->\n<div  class=\"module tf_mw module-divider tb_j4hw23 solid  divider-custom divider-center\" style=\"border-width: 3px;border-color: #fff;max-width: 200px;\" data-lazy=\"1\">\n    <\/div>\n<!-- \/module divider -->\n<!-- module buttons -->\n<div  class=\"module module-buttons tb_s5p9738 buttons-horizontal solid  large\" data-lazy=\"1\">\n        <div class=\"module-buttons-item tf_in_flx\">\n                        <a href=\"https:\/\/reszecskeszamlalo.hu\/higienia\/termekek\/\" class=\"ui builder_button tf_in_flx tb_default_color\" >\n                                                Term\u00e9kek                                        <\/a>\n                <\/div>\n            <\/div>\n<!-- \/module buttons -->\n        <\/div>\n                        <\/div>\n        <\/div>\n                        <div  data-anchor=\"hirek\" data-lazy=\"1\" class=\"module_row themify_builder_row tb_has_section tb_section-hirek tb_qm9l777 tf_w\">\n                        <div class=\"row_inner col_align_top tb_col_count_1 tf_box tf_rel\">\n                        <div  data-lazy=\"1\" class=\"module_column tb-column col-full tb_5iw7777 first\">\n                    <!-- module text -->\n<div  class=\"module module-text tb_zi4c777   \" data-lazy=\"1\">\n        <div  class=\"tb_text_wrap\">\n        <h2>H\u00edrek<\/h2>    <\/div>\n<\/div>\n<!-- \/module text --><!-- module divider -->\n<div  class=\"module tf_mw module-divider tb_bj02777 solid  divider-custom divider-center\" style=\"border-width: 3px;border-color: #003276;margin-bottom: 10px;max-width: 150px;\" data-lazy=\"1\">\n    <\/div>\n<!-- \/module divider -->\n<!-- module plain text -->\n<div  class=\"module module-plain-text tb_ueq1777 \" data-lazy=\"1\">\n        <div class=\"tb_text_wrap\">\n    <div class='sk-ww-linkedin-profile-post' data-embed-id='25409247'><\/div><script src='https:\/\/widgets.sociablekit.com\/linkedin-profile-posts\/widget.js' defer><\/script>    <\/div>\n<\/div>\n<!-- \/module plain text -->        <\/div>\n                        <\/div>\n        <\/div>\n        <\/div>\n<!--\/themify_builder_content-->","protected":false},"excerpt":{"rendered":"<p>Tisztat\u00e9ri ruh\u00e1zat, t\u00f6rl\u0151kend\u0151k \u00e9s kieg\u00e9sz\u00edt\u0151k<\/p>\n","protected":false},"author":1,"featured_media":0,"parent":0,"menu_order":0,"comment_status":"closed","ping_status":"closed","template":"","meta":{"footnotes":""},"class_list":["post-422","page","type-page","status-publish","hentry","has-post-title","has-post-date","has-post-category","has-post-tag","has-post-comment","has-post-author",""],"_links":{"self":[{"href":"https:\/\/reszecskeszamlalo.hu\/higienia\/wp-json\/wp\/v2\/pages\/422","targetHints":{"allow":["GET"]}}],"collection":[{"href":"https:\/\/reszecskeszamlalo.hu\/higienia\/wp-json\/wp\/v2\/pages"}],"about":[{"href":"https:\/\/reszecskeszamlalo.hu\/higienia\/wp-json\/wp\/v2\/types\/page"}],"author":[{"embeddable":true,"href":"https:\/\/reszecskeszamlalo.hu\/higienia\/wp-json\/wp\/v2\/users\/1"}],"replies":[{"embeddable":true,"href":"https:\/\/reszecskeszamlalo.hu\/higienia\/wp-json\/wp\/v2\/comments?post=422"}],"version-history":[{"count":27,"href":"https:\/\/reszecskeszamlalo.hu\/higienia\/wp-json\/wp\/v2\/pages\/422\/revisions"}],"predecessor-version":[{"id":497,"href":"https:\/\/reszecskeszamlalo.hu\/higienia\/wp-json\/wp\/v2\/pages\/422\/revisions\/497"}],"wp:attachment":[{"href":"https:\/\/reszecskeszamlalo.hu\/higienia\/wp-json\/wp\/v2\/media?parent=422"}],"curies":[{"name":"wp","href":"https:\/\/api.w.org\/{rel}","templated":true}]}}